{"id":823,"date":"2022-10-24T19:52:38","date_gmt":"2022-10-24T18:52:38","guid":{"rendered":"https:\/\/wp.musikverein-oberlaa.com\/?page_id=823"},"modified":"2022-11-05T08:34:10","modified_gmt":"2022-11-05T07:34:10","slug":"bericht-ueber-den-mvo","status":"publish","type":"page","link":"https:\/\/musikverein-oberlaa.com\/index.php\/bericht-ueber-den-mvo\/","title":{"rendered":"Berichte \u00fcber den MVO"},"content":{"rendered":"\t\t<div data-elementor-type=\"wp-page\" data-elementor-id=\"823\" class=\"elementor elementor-823\">\n\t\t\t\t\t\t<section class=\"elementor-section elementor-top-section elementor-element elementor-element-1de2931 elementor-section-boxed elementor-section-height-default elementor-section-height-default\" data-id=\"1de2931\" data-element_type=\"section\">\n\t\t\t\t\t\t<div class=\"elementor-container elementor-column-gap-default\">\n\t\t\t\t\t<div class=\"elementor-column elementor-col-50 elementor-top-column elementor-element elementor-element-0153b9f\" data-id=\"0153b9f\" data-element_type=\"column\">\n\t\t\t<div class=\"elementor-widget-wrap elementor-element-populated\">\n\t\t\t\t\t\t<div class=\"elementor-element elementor-element-dfeecc4 elementor-widget elementor-widget-heading\" data-id=\"dfeecc4\" data-element_type=\"widget\" data-widget_type=\"heading.default\">\n\t\t\t\t<div class=\"elementor-widget-container\">\n\t\t\t\t\t<h4 class=\"elementor-heading-title elementor-size-default\">Im gro\u00dfen Musivereinssaal<\/h4>\t\t\t\t<\/div>\n\t\t\t\t<\/div>\n\t\t\t\t\t<\/div>\n\t\t<\/div>\n\t\t\t\t<div class=\"elementor-column elementor-col-50 elementor-top-column elementor-element elementor-element-51e06ba\" data-id=\"51e06ba\" data-element_type=\"column\">\n\t\t\t<div class=\"elementor-widget-wrap elementor-element-populated\">\n\t\t\t\t\t\t<div class=\"elementor-element elementor-element-9c33249 elementor-widget elementor-widget-heading\" data-id=\"9c33249\" data-element_type=\"widget\" data-widget_type=\"heading.default\">\n\t\t\t\t<div class=\"elementor-widget-container\">\n\t\t\t\t\t<h4 class=\"elementor-heading-title elementor-size-default\">Radio Fr\u00fchschoppen 2009<\/h4>\t\t\t\t<\/div>\n\t\t\t\t<\/div>\n\t\t\t\t\t<\/div>\n\t\t<\/div>\n\t\t\t\t\t<\/div>\n\t\t<\/section>\n\t\t\t\t<section class=\"elementor-section elementor-top-section elementor-element elementor-element-e6c93ad elementor-section-boxed elementor-section-height-default elementor-section-height-default\" data-id=\"e6c93ad\" data-element_type=\"section\">\n\t\t\t\t\t\t<div class=\"elementor-container elementor-column-gap-default\">\n\t\t\t\t\t<div class=\"elementor-column elementor-col-50 elementor-top-column elementor-element elementor-element-9673ec7\" data-id=\"9673ec7\" data-element_type=\"column\">\n\t\t\t<div class=\"elementor-widget-wrap elementor-element-populated\">\n\t\t\t\t\t\t<div class=\"elementor-element elementor-element-63ce961 elementor-widget elementor-widget-text-editor\" data-id=\"63ce961\" data-element_type=\"widget\" data-widget_type=\"text-editor.default\">\n\t\t\t\t<div class=\"elementor-widget-container\">\n\t\t\t\t\t\t\t\t\t<p>In einem bis zum letzten Platz von Angeh\u00f6rigen und Freunden gef\u00fcllten Saal, bestritten unsere Freunde aus Japan den ersten Teil des Konzertes. Die Pr\u00e4zision im Zusammenspiel sowie das technische Niveau der einzelnen Musikerinnen und Musiker beeindrucken uns immer wieder aufs Neue. Neben Wienerischem, wie beispielsweise der f\u00fcr Blasorchester \u00e4u\u00dferst anspruchsvollen Fledermaus Ouvert\u00fcre, wurde mit viel Elan und Spielfreude ein buntes und abwechslungsreiches Programm dargeboten, welches den Musikern und Zuh\u00f6rern sichtlich Freude bereitete.<\/p><p>Der erste Teil des Konzertabends wurde vom Wiener Horn Ensemble beendet\u00a0 und zeigte uns einmal mehr, zu welch einzigartiger Klangsch\u00f6nheit dieses Instrument f\u00e4hig ist.<\/p><div class=\"zpteasertext\"><p>Nach der Pause bespielten wir den Goldenen Saal des Musikvereines &#8211; die allermeisten von uns das erste Mal in ihrem Leben. Wo einst Herbert von Karajan oder Leonard Bernstein dirigierten, gab nun unser Kapellmeister Thomas Stadlmann den Takt an. Unserem Er\u00f6ffnungsst\u00fcck \u201eDes Riesen Nixe\u201c vom \u00f6sterreichischen Komponisten Fritz Neub\u00f6ck jun., einer farbenreichen und leuchtenden Programmmusik \u00fcber ein M\u00e4rchen des am Traunstein lebenden Riesen Erla, folgte ein Medley aus Klassikern von George Gershwin, welches uns in zeitlosen Melodien wie \u201eSummertime\u201c, \u201eI got Rhythm\u201c oder \u201eOh Lady be good\u201c schwelgen und den Saal mit Swing und Blues erf\u00fcllen lie\u00df. Mit dem beliebten Florentiner Marsch von Julius Fucik beendeten wir unser Programm unter tosendem Applaus.\u00a0<\/p><p>Nochmals erklommen die Musiker des Sugao Orchesters die B\u00fchne und pr\u00e4sentierten den zweiten Teil ihres fulminanten Programms unter der Leitung ihres Dirigenten Sadao Kajima.<br \/>\u00a0Richard Rogers Walzer \u201eMy Favorite Things\u201d, aus dem Musical \u201eThe Sound of Music\u201d erinnerte uns an die legend\u00e4ren Interpretationen dieses St\u00fcckes von John Coltrane und das Trompetensolo des Dirigenten Sadao Kajima im Klassiker \u201eWhat a Wonderful World\u201d weckte Erinnerungen an den gro\u00dfen Louis \u201eSatchmo\u201c Armstrong.<br \/>Den Abschluss des Abends bildete &#8211; ganz traditionell &#8211; eine japanisch-\u00f6sterreichische Version des Radetzkymarsches, dirigiert von beiden Kapellmeistern.<\/p><p>&#8222;Es war f\u00fcr mich eine unvergessliche Erfahrung, als ich hier &#8230; das erste Mal dirigierte.\u201c\u00a0 Dieser Satz\u00a0 stammt zwar urspr\u00fcnglich von Bruno Walter nach seinem ersten Konzert im Goldenen Saal, die beiden Dirigenten\/Kapellmeister werden\u00a0 sich dieser Aussage aber sicher nur zu gerne anschlie\u00dfen.\u00a0<\/p><p>(giS)<\/p><\/div>\t\t\t\t\t\t\t\t<\/div>\n\t\t\t\t<\/div>\n\t\t\t\t\t<\/div>\n\t\t<\/div>\n\t\t\t\t<div class=\"elementor-column elementor-col-50 elementor-top-column elementor-element elementor-element-e8517b6\" data-id=\"e8517b6\" data-element_type=\"column\">\n\t\t\t<div class=\"elementor-widget-wrap elementor-element-populated\">\n\t\t\t\t\t\t<div class=\"elementor-element elementor-element-50e0f61 elementor-widget elementor-widget-text-editor\" data-id=\"50e0f61\" data-element_type=\"widget\" data-widget_type=\"text-editor.default\">\n\t\t\t\t<div class=\"elementor-widget-container\">\n\t\t\t\t\t\t\t\t\t<p>Musikfest mit Radio-Fr\u00fchschoppen am 11.10.2009<\/p><p>Mit einem herzlichen \u201eGr\u00fc\u00df Gott aus Oberlaa\u201c begr\u00fc\u00dfte Alois Loidl am 11.Oktober unter tosendem Applaus ein randvoll gef\u00fclltes Festzelt sowie alle H\u00f6rerinnen und H\u00f6rer von Radio Burgenland. Der Musikverein Oberlaa lud zu einem zweit\u00e4gigen Fest \u00a0dessen H\u00f6hepunkt, \u00a0eine \u00a0ORF \u2013Live\u00fcbertragung \u00a0des sonnt\u00e4glichen Radio-Fr\u00fchschoppens war.<\/p><div class=\"zpteasertext\"><p>Dass es f\u00fcr stimmungsvolle Feierlichkeiten \u00a0nicht unbedingt hoher Anl\u00e4sse bedarf, \u00a0\u00a0ist\u00a0 einem Blasorchester bestens bekannt\u00a0 und daher lautete das\u00a0 Motto diesmal ganz einfach \u00a0ein Fest von Musiker f\u00fcr Musiker.\u00a0 Somit stellte das Er\u00f6ffnungskonzert des MV Oberlaa am\u00a0 Samstag Nachmittag f\u00fcr viele aktive MusikerInnen nicht nur den \u00a0Beginn eines anstrengenden Wochenendes \u00a0sondern auch gleichzeitig \u00a0das Ende einer zeitintensiven Organisations- und Aufbauphase dar, die sich \u00fcber viele Wochen erstreckte.<\/p><p>Im Er\u00f6ffnungskonzert wurden den \u201eStammh\u00f6rern\u201c \u00a0des MV Oberlaa nicht nur altbew\u00e4hrte Melodien pr\u00e4sentiert, sondern auch einige neu einstudierte Werke heizten die Stimmung im gro\u00dfen Festzelt so richtig an. \u00a0Streckenweise wurde das Orchester \u00a0noch zus\u00e4tzlich\u00a0 von den \u00e4u\u00dferst engagierten NachwuchsmusikerInnen unterst\u00fctzt. Wie vielerorts zeigt sich auch in Oberlaa, welch wichtige Rolle die Blasmusik f\u00fcr die musikalische Nachwuchsf\u00f6rderung einnimmt.\u00a0 Bei allen\u00a0 musikalischen Leckerbissen \u00a0sollte das Feiern nat\u00fcrlich auch nicht zu kurz kommen \u00a0und gem\u00e4\u00df dem Fest-Motto wechselten die MusikerInnen \u00a0nach dem Konzert sofort die \u201eUniform\u201c und \u00fcbernahmen \u00a0die Bewirtung der Festg\u00e4ste. Bei\u00a0 schwungvollen \u00a0Melodien vom \u00a0M\u00f6rbischer Blasorchester sowie einem \u201eInntaler\u201c Bl\u00e4serensemble rund um den MVO-Posaunisten Clemens Senn fiel so manche Sperrstunde der ausgelassenen Stimmung zum Opfer.<\/p><p>Der Tag danach begann bereits um 8.00 mit dem Soundcheck f\u00fcr die ORF Radio\u00fcbertragung.\u00a0 Die Stimmung zu dieser fr\u00fchen Morgenstunde war ged\u00e4mpft, die Anspannung \u2013 schlie\u00dflich h\u00f6rt man sich ja nicht jeden Tag im Radio spielen\u00a0 &#8211; merklich zu sp\u00fcren. Mit einem\u00a0 Festgottesdienst, der musikalisch von der \u201eEuropamesse\u201c\u00a0 von Franz Nagel\u00a0 umrahmt wurde, begannen standesgem\u00e4\u00df die Feierlichkeiten des Tages. Im Anschluss galt es sich noch schnell zu st\u00e4rken, die\u00a0 Instrumente zum wiederholten Male\u00a0 zu \u00a0\u00fcberpr\u00fcfen und schon ert\u00f6nte die Signation von Radio Burgenland.<\/p><p>Im Laufe des einst\u00fcndigen Konzerts, pr\u00e4sentierte Obmann Karl Altmann den Musikverein Oberlaa, Frau LA Pr\u00e4sidentin Marianne Klicka den Bezirk Favoriten und Rudi Wieselthaler stellte die Oberlaaer (Wein-)bauern und den Weinbauverband vor. Musikalisch wechselte sich der MVO mit den \u201eMostviertler Birnbeitlern\u201c ab, welches als volkst\u00fcmliches sieben Personen Ensemble einen guten Gegensatz zum 50 Mann starken Blasmusikorchester bildeten. Die \u201c Sulmtaler \u2013 Dirndln\u201c \u00a0brachten im Rahmen ihrer Jubil\u00e4ums CD-Pr\u00e4sentation ein wenig Musikantenstadl \u2013Feeling nach Oberlaa. \u00a0Die Zeit verflog im Nu und ehe man es sich versah l\u00e4uteten schon die Mittagsglocken, und die Live\u00fcbertragung ging nahtlos in ein Fr\u00fchshoppen \u00fcber. Dieses hatte f\u00fcr den Musikverein Oberlaa noch eine besondere Bedeutung, war es doch f\u00fcr deren \u00a0Kapellmeister Thomas Stadlmann, welcher das Orchester 15 Jahre lang leitete, sein Abschiedskonzert. Mit dem silbernen Ehrenzeichen des Blasmusikverbands ausgezeichnet, \u00a0darf er sich nun wieder vermehrt seiner Familie und seinem Hauptinstrument, der Klarinette, widmen. Seinen Dirigentenstab hat der frisch gebackene Vizekapellmeister seinem eigenen Vorg\u00e4nger Hannes Reigl \u00fcbergeben, der nun sowohl im Nachwuchs- als auch im gro\u00dfen Orchester den Takt angeben wird.<\/p><p>Gratulation und herzlichen Dank f\u00fcr ein bestens organisiertes und stimmungsvolles Fest geb\u00fchrt dem Obmann sowie allen an der Organisation und Durchf\u00fchrung beteiligten Musikerinnen und Musikern des MV Oberlaa.<\/p><\/div>\t\t\t\t\t\t\t\t<\/div>\n\t\t\t\t<\/div>\n\t\t\t\t\t<\/div>\n\t\t<\/div>\n\t\t\t\t\t<\/div>\n\t\t<\/section>\n\t\t\t\t<\/div>\n\t\t","protected":false},"excerpt":{"rendered":"<p>Im gro\u00dfen Musivereinssaal Radio Fr\u00fchschoppen 2009 In einem bis zum letzten Platz von Angeh\u00f6rigen und Freunden gef\u00fcllten Saal, bestritten unsere Freunde aus Japan den ersten Teil des Konzertes. Die Pr\u00e4zision im Zusammenspiel sowie das technische Niveau der einzelnen Musikerinnen und Musiker beeindrucken uns immer wieder aufs Neue. Neben Wienerischem, wie beispielsweise der f\u00fcr Blasorchester \u00e4u\u00dferst anspruchsvollen Fledermaus Ouvert\u00fcre, wurde mit viel Elan und Spielfreude ein buntes und abwechslungsreiches Programm dargeboten, welches den Musikern und Zuh\u00f6rern sichtlich Freude bereitete. Der erste Teil des Konzertabends wurde vom Wiener Horn Ensemble beendet\u00a0 und zeigte uns einmal mehr, zu welch einzigartiger Klangsch\u00f6nheit dieses Instrument\u2026<\/p>\n","protected":false},"author":1,"featured_media":0,"parent":0,"menu_order":0,"comment_status":"closed","ping_status":"closed","template":"","meta":{"footnotes":""},"class_list":["post-823","page","type-page","status-publish","hentry"],"blocksy_meta":{"styles_descriptor":{"styles":{"desktop":"","tablet":"","mobile":""},"google_fonts":[],"version":5}},"yoast_head":"<!-- This site is optimized with the Yoast SEO plugin v26.4 - https:\/\/yoast.com\/wordpress\/plugins\/seo\/ -->\n<title>Berichte \u00fcber den MVO - Musikverein Oberlaa<\/title>\n<meta name=\"robots\" content=\"index, follow, max-snippet:-1, max-image-preview:large, max-video-preview:-1\" \/>\n<link rel=\"canonical\" href=\"https:\/\/musikverein-oberlaa.com\/index.php\/bericht-ueber-den-mvo\/\" \/>\n<meta property=\"og:locale\" content=\"de_DE\" \/>\n<meta property=\"og:type\" content=\"article\" \/>\n<meta property=\"og:title\" content=\"Berichte \u00fcber den MVO - Musikverein Oberlaa\" \/>\n<meta property=\"og:description\" content=\"Im gro\u00dfen Musivereinssaal Radio Fr\u00fchschoppen 2009 In einem bis zum letzten Platz von Angeh\u00f6rigen und Freunden gef\u00fcllten Saal, bestritten unsere Freunde aus Japan den ersten Teil des Konzertes. Die Pr\u00e4zision im Zusammenspiel sowie das technische Niveau der einzelnen Musikerinnen und Musiker beeindrucken uns immer wieder aufs Neue. Neben Wienerischem, wie beispielsweise der f\u00fcr Blasorchester \u00e4u\u00dferst anspruchsvollen Fledermaus Ouvert\u00fcre, wurde mit viel Elan und Spielfreude ein buntes und abwechslungsreiches Programm dargeboten, welches den Musikern und Zuh\u00f6rern sichtlich Freude bereitete. Der erste Teil des Konzertabends wurde vom Wiener Horn Ensemble beendet\u00a0 und zeigte uns einmal mehr, zu welch einzigartiger Klangsch\u00f6nheit dieses Instrument\u2026\" \/>\n<meta property=\"og:url\" content=\"https:\/\/musikverein-oberlaa.com\/index.php\/bericht-ueber-den-mvo\/\" \/>\n<meta property=\"og:site_name\" content=\"Musikverein Oberlaa\" \/>\n<meta property=\"article:publisher\" content=\"https:\/\/www.facebook.com\/mvoberlaa\" \/>\n<meta property=\"article:modified_time\" content=\"2022-11-05T07:34:10+00:00\" \/>\n<meta name=\"twitter:card\" content=\"summary_large_image\" \/>\n<meta name=\"twitter:label1\" content=\"Gesch\u00e4tzte Lesezeit\" \/>\n\t<meta name=\"twitter:data1\" content=\"5\u00a0Minuten\" \/>\n<script type=\"application\/ld+json\" class=\"yoast-schema-graph\">{\"@context\":\"https:\/\/schema.org\",\"@graph\":[{\"@type\":\"WebPage\",\"@id\":\"https:\/\/musikverein-oberlaa.com\/index.php\/bericht-ueber-den-mvo\/\",\"url\":\"https:\/\/musikverein-oberlaa.com\/index.php\/bericht-ueber-den-mvo\/\",\"name\":\"Berichte \u00fcber den MVO - Musikverein Oberlaa\",\"isPartOf\":{\"@id\":\"https:\/\/musikverein-oberlaa.com\/#website\"},\"datePublished\":\"2022-10-24T18:52:38+00:00\",\"dateModified\":\"2022-11-05T07:34:10+00:00\",\"breadcrumb\":{\"@id\":\"https:\/\/musikverein-oberlaa.com\/index.php\/bericht-ueber-den-mvo\/#breadcrumb\"},\"inLanguage\":\"de\",\"potentialAction\":[{\"@type\":\"ReadAction\",\"target\":[\"https:\/\/musikverein-oberlaa.com\/index.php\/bericht-ueber-den-mvo\/\"]}]},{\"@type\":\"BreadcrumbList\",\"@id\":\"https:\/\/musikverein-oberlaa.com\/index.php\/bericht-ueber-den-mvo\/#breadcrumb\",\"itemListElement\":[{\"@type\":\"ListItem\",\"position\":1,\"name\":\"Startseite\",\"item\":\"https:\/\/musikverein-oberlaa.com\/\"},{\"@type\":\"ListItem\",\"position\":2,\"name\":\"Berichte \u00fcber den MVO\"}]},{\"@type\":\"WebSite\",\"@id\":\"https:\/\/musikverein-oberlaa.com\/#website\",\"url\":\"https:\/\/musikverein-oberlaa.com\/\",\"name\":\"Musikverein Oberlaa\",\"description\":\"\",\"publisher\":{\"@id\":\"https:\/\/musikverein-oberlaa.com\/#organization\"},\"alternateName\":\"MVO\",\"potentialAction\":[{\"@type\":\"SearchAction\",\"target\":{\"@type\":\"EntryPoint\",\"urlTemplate\":\"https:\/\/musikverein-oberlaa.com\/?s={search_term_string}\"},\"query-input\":{\"@type\":\"PropertyValueSpecification\",\"valueRequired\":true,\"valueName\":\"search_term_string\"}}],\"inLanguage\":\"de\"},{\"@type\":\"Organization\",\"@id\":\"https:\/\/musikverein-oberlaa.com\/#organization\",\"name\":\"Musikverein Oberlaa\",\"alternateName\":\"MVO\",\"url\":\"https:\/\/musikverein-oberlaa.com\/\",\"logo\":{\"@type\":\"ImageObject\",\"inLanguage\":\"de\",\"@id\":\"https:\/\/musikverein-oberlaa.com\/#\/schema\/logo\/image\/\",\"url\":\"https:\/\/musikverein-oberlaa.com\/wp-content\/uploads\/2022\/10\/logo.png\",\"contentUrl\":\"https:\/\/musikverein-oberlaa.com\/wp-content\/uploads\/2022\/10\/logo.png\",\"width\":150,\"height\":164,\"caption\":\"Musikverein Oberlaa\"},\"image\":{\"@id\":\"https:\/\/musikverein-oberlaa.com\/#\/schema\/logo\/image\/\"},\"sameAs\":[\"https:\/\/www.facebook.com\/mvoberlaa\",\"https:\/\/www.instagram.com\/mvoberlaa\/\"]}]}<\/script>\n<!-- \/ Yoast SEO plugin. -->","yoast_head_json":{"title":"Berichte \u00fcber den MVO - Musikverein Oberlaa","robots":{"index":"index","follow":"follow","max-snippet":"max-snippet:-1","max-image-preview":"max-image-preview:large","max-video-preview":"max-video-preview:-1"},"canonical":"https:\/\/musikverein-oberlaa.com\/index.php\/bericht-ueber-den-mvo\/","og_locale":"de_DE","og_type":"article","og_title":"Berichte \u00fcber den MVO - Musikverein Oberlaa","og_description":"Im gro\u00dfen Musivereinssaal Radio Fr\u00fchschoppen 2009 In einem bis zum letzten Platz von Angeh\u00f6rigen und Freunden gef\u00fcllten Saal, bestritten unsere Freunde aus Japan den ersten Teil des Konzertes. Die Pr\u00e4zision im Zusammenspiel sowie das technische Niveau der einzelnen Musikerinnen und Musiker beeindrucken uns immer wieder aufs Neue. Neben Wienerischem, wie beispielsweise der f\u00fcr Blasorchester \u00e4u\u00dferst anspruchsvollen Fledermaus Ouvert\u00fcre, wurde mit viel Elan und Spielfreude ein buntes und abwechslungsreiches Programm dargeboten, welches den Musikern und Zuh\u00f6rern sichtlich Freude bereitete. Der erste Teil des Konzertabends wurde vom Wiener Horn Ensemble beendet\u00a0 und zeigte uns einmal mehr, zu welch einzigartiger Klangsch\u00f6nheit dieses Instrument\u2026","og_url":"https:\/\/musikverein-oberlaa.com\/index.php\/bericht-ueber-den-mvo\/","og_site_name":"Musikverein Oberlaa","article_publisher":"https:\/\/www.facebook.com\/mvoberlaa","article_modified_time":"2022-11-05T07:34:10+00:00","twitter_card":"summary_large_image","twitter_misc":{"Gesch\u00e4tzte Lesezeit":"5\u00a0Minuten"},"schema":{"@context":"https:\/\/schema.org","@graph":[{"@type":"WebPage","@id":"https:\/\/musikverein-oberlaa.com\/index.php\/bericht-ueber-den-mvo\/","url":"https:\/\/musikverein-oberlaa.com\/index.php\/bericht-ueber-den-mvo\/","name":"Berichte \u00fcber den MVO - Musikverein Oberlaa","isPartOf":{"@id":"https:\/\/musikverein-oberlaa.com\/#website"},"datePublished":"2022-10-24T18:52:38+00:00","dateModified":"2022-11-05T07:34:10+00:00","breadcrumb":{"@id":"https:\/\/musikverein-oberlaa.com\/index.php\/bericht-ueber-den-mvo\/#breadcrumb"},"inLanguage":"de","potentialAction":[{"@type":"ReadAction","target":["https:\/\/musikverein-oberlaa.com\/index.php\/bericht-ueber-den-mvo\/"]}]},{"@type":"BreadcrumbList","@id":"https:\/\/musikverein-oberlaa.com\/index.php\/bericht-ueber-den-mvo\/#breadcrumb","itemListElement":[{"@type":"ListItem","position":1,"name":"Startseite","item":"https:\/\/musikverein-oberlaa.com\/"},{"@type":"ListItem","position":2,"name":"Berichte \u00fcber den MVO"}]},{"@type":"WebSite","@id":"https:\/\/musikverein-oberlaa.com\/#website","url":"https:\/\/musikverein-oberlaa.com\/","name":"Musikverein Oberlaa","description":"","publisher":{"@id":"https:\/\/musikverein-oberlaa.com\/#organization"},"alternateName":"MVO","potentialAction":[{"@type":"SearchAction","target":{"@type":"EntryPoint","urlTemplate":"https:\/\/musikverein-oberlaa.com\/?s={search_term_string}"},"query-input":{"@type":"PropertyValueSpecification","valueRequired":true,"valueName":"search_term_string"}}],"inLanguage":"de"},{"@type":"Organization","@id":"https:\/\/musikverein-oberlaa.com\/#organization","name":"Musikverein Oberlaa","alternateName":"MVO","url":"https:\/\/musikverein-oberlaa.com\/","logo":{"@type":"ImageObject","inLanguage":"de","@id":"https:\/\/musikverein-oberlaa.com\/#\/schema\/logo\/image\/","url":"https:\/\/musikverein-oberlaa.com\/wp-content\/uploads\/2022\/10\/logo.png","contentUrl":"https:\/\/musikverein-oberlaa.com\/wp-content\/uploads\/2022\/10\/logo.png","width":150,"height":164,"caption":"Musikverein Oberlaa"},"image":{"@id":"https:\/\/musikverein-oberlaa.com\/#\/schema\/logo\/image\/"},"sameAs":["https:\/\/www.facebook.com\/mvoberlaa","https:\/\/www.instagram.com\/mvoberlaa\/"]}]}},"_links":{"self":[{"href":"https:\/\/musikverein-oberlaa.com\/index.php\/wp-json\/wp\/v2\/pages\/823","targetHints":{"allow":["GET"]}}],"collection":[{"href":"https:\/\/musikverein-oberlaa.com\/index.php\/wp-json\/wp\/v2\/pages"}],"about":[{"href":"https:\/\/musikverein-oberlaa.com\/index.php\/wp-json\/wp\/v2\/types\/page"}],"author":[{"embeddable":true,"href":"https:\/\/musikverein-oberlaa.com\/index.php\/wp-json\/wp\/v2\/users\/1"}],"replies":[{"embeddable":true,"href":"https:\/\/musikverein-oberlaa.com\/index.php\/wp-json\/wp\/v2\/comments?post=823"}],"version-history":[{"count":9,"href":"https:\/\/musikverein-oberlaa.com\/index.php\/wp-json\/wp\/v2\/pages\/823\/revisions"}],"predecessor-version":[{"id":1793,"href":"https:\/\/musikverein-oberlaa.com\/index.php\/wp-json\/wp\/v2\/pages\/823\/revisions\/1793"}],"wp:attachment":[{"href":"https:\/\/musikverein-oberlaa.com\/index.php\/wp-json\/wp\/v2\/media?parent=823"}],"curies":[{"name":"wp","href":"https:\/\/api.w.org\/{rel}","templated":true}]}}