{"id":804,"date":"2022-10-24T19:47:48","date_gmt":"2022-10-24T19:47:48","guid":{"rendered":"https:\/\/wp.musikverein-oberlaa.com\/?page_id=804"},"modified":"2023-03-13T06:52:07","modified_gmt":"2023-03-13T05:52:07","slug":"grafenegg","status":"publish","type":"page","link":"https:\/\/musikverein-oberlaa.com\/index.php\/grafenegg\/","title":{"rendered":"Bundeswettbewerb Grafenegg 2021"},"content":{"rendered":"\t\t<div data-elementor-type=\"wp-page\" data-elementor-id=\"804\" class=\"elementor elementor-804\">\n\t\t\t\t\t\t<section class=\"elementor-section elementor-top-section elementor-element elementor-element-6b6eb59 elementor-section-boxed elementor-section-height-default elementor-section-height-default\" data-id=\"6b6eb59\" data-element_type=\"section\">\n\t\t\t\t\t\t<div class=\"elementor-container elementor-column-gap-default\">\n\t\t\t\t\t<div class=\"elementor-column elementor-col-50 elementor-top-column elementor-element elementor-element-c3b06fe\" data-id=\"c3b06fe\" data-element_type=\"column\">\n\t\t\t<div class=\"elementor-widget-wrap elementor-element-populated\">\n\t\t\t\t\t\t<div class=\"elementor-element elementor-element-d19fce9 elementor-widget elementor-widget-text-editor\" data-id=\"d19fce9\" data-element_type=\"widget\" data-settings=\"{&quot;_animation&quot;:&quot;none&quot;,&quot;_animation_delay&quot;:4}\" data-widget_type=\"text-editor.default\">\n\t\t\t\t<div class=\"elementor-widget-container\">\n\t\t\t\t\t\t\t\t\t<div class=\"zpRow standard \"><div class=\"zpRowInner\"><div class=\"zpColumn odd zpColumnWidth1 c12\"><div class=\"zpColumnItem\"><div id=\"a1880\" class=\"articlearea zpwText\" data-articleid=\"1880\"><p>Am 24.10.2021 fand im Auditorium in\u00a0Grafenegg der \u00d6sterreichische Blasmusorchesterwettbewerb der Stufe C mit zehn Orchestern aus \u00d6sterreich und S\u00fcdtirol\u00a0statt. Wir durften Wien vertreten und erreichten 84,50 Punkte.<\/p><\/div><\/div><\/div><\/div><\/div>\t\t\t\t\t\t\t\t<\/div>\n\t\t\t\t<\/div>\n\t\t\t\t\t<\/div>\n\t\t<\/div>\n\t\t\t\t<div class=\"elementor-column elementor-col-50 elementor-top-column elementor-element elementor-element-bb84edd\" data-id=\"bb84edd\" data-element_type=\"column\">\n\t\t\t<div class=\"elementor-widget-wrap elementor-element-populated\">\n\t\t\t\t\t\t<div class=\"elementor-element elementor-element-4d1e9de elementor-widget elementor-widget-image\" data-id=\"4d1e9de\" data-element_type=\"widget\" data-widget_type=\"image.default\">\n\t\t\t\t<div class=\"elementor-widget-container\">\n\t\t\t\t\t\t\t\t\t\t\t\t\t\t\t<img fetchpriority=\"high\" decoding=\"async\" width=\"1024\" height=\"709\" src=\"https:\/\/musikverein-oberlaa.com\/wp-content\/uploads\/2022\/10\/MVO-Graf1-1024x709.jpg\" class=\"attachment-large size-large wp-image-7\" alt=\"\" srcset=\"https:\/\/musikverein-oberlaa.com\/wp-content\/uploads\/2022\/10\/MVO-Graf1-1024x709.jpg 1024w, https:\/\/musikverein-oberlaa.com\/wp-content\/uploads\/2022\/10\/MVO-Graf1-300x208.jpg 300w, https:\/\/musikverein-oberlaa.com\/wp-content\/uploads\/2022\/10\/MVO-Graf1-768x531.jpg 768w, https:\/\/musikverein-oberlaa.com\/wp-content\/uploads\/2022\/10\/MVO-Graf1-1536x1063.jpg 1536w, https:\/\/musikverein-oberlaa.com\/wp-content\/uploads\/2022\/10\/MVO-Graf1-2048x1417.jpg 2048w, https:\/\/musikverein-oberlaa.com\/wp-content\/uploads\/2022\/10\/MVO-Graf1-390x270.jpg 390w\" sizes=\"(max-width: 1024px) 100vw, 1024px\" \/>\t\t\t\t\t\t\t\t\t\t\t\t\t\t\t<\/div>\n\t\t\t\t<\/div>\n\t\t\t\t\t<\/div>\n\t\t<\/div>\n\t\t\t\t\t<\/div>\n\t\t<\/section>\n\t\t\t\t<section class=\"elementor-section elementor-top-section elementor-element elementor-element-5773407 elementor-section-boxed elementor-section-height-default elementor-section-height-default\" data-id=\"5773407\" data-element_type=\"section\">\n\t\t\t\t\t\t<div class=\"elementor-container elementor-column-gap-default\">\n\t\t\t\t\t<div class=\"elementor-column elementor-col-100 elementor-top-column elementor-element elementor-element-bc53be6\" data-id=\"bc53be6\" data-element_type=\"column\">\n\t\t\t<div class=\"elementor-widget-wrap elementor-element-populated\">\n\t\t\t\t\t\t<div class=\"elementor-element elementor-element-c3dfd4b elementor-widget elementor-widget-spacer\" data-id=\"c3dfd4b\" data-element_type=\"widget\" data-widget_type=\"spacer.default\">\n\t\t\t\t<div class=\"elementor-widget-container\">\n\t\t\t\t\t\t\t<div class=\"elementor-spacer\">\n\t\t\t<div class=\"elementor-spacer-inner\"><\/div>\n\t\t<\/div>\n\t\t\t\t\t\t<\/div>\n\t\t\t\t<\/div>\n\t\t\t\t\t<\/div>\n\t\t<\/div>\n\t\t\t\t\t<\/div>\n\t\t<\/section>\n\t\t\t\t<section class=\"elementor-section elementor-top-section elementor-element elementor-element-9b79f50 elementor-section-boxed elementor-section-height-default elementor-section-height-default\" data-id=\"9b79f50\" data-element_type=\"section\">\n\t\t\t\t\t\t<div class=\"elementor-container elementor-column-gap-default\">\n\t\t\t\t\t<div class=\"elementor-column elementor-col-100 elementor-top-column elementor-element elementor-element-ddb21f8\" data-id=\"ddb21f8\" data-element_type=\"column\">\n\t\t\t<div class=\"elementor-widget-wrap elementor-element-populated\">\n\t\t\t\t\t\t<div class=\"elementor-element elementor-element-3093ae0 elementor-widget elementor-widget-heading\" data-id=\"3093ae0\" data-element_type=\"widget\" data-widget_type=\"heading.default\">\n\t\t\t\t<div class=\"elementor-widget-container\">\n\t\t\t\t\t<h5 class=\"elementor-heading-title elementor-size-default\">Eine kleine Kostprobe der St\u00fccke.<\/h5>\t\t\t\t<\/div>\n\t\t\t\t<\/div>\n\t\t\t\t\t<\/div>\n\t\t<\/div>\n\t\t\t\t\t<\/div>\n\t\t<\/section>\n\t\t\t\t<section class=\"elementor-section elementor-top-section elementor-element elementor-element-e9cc1a9 elementor-section-boxed elementor-section-height-default elementor-section-height-default\" data-id=\"e9cc1a9\" data-element_type=\"section\">\n\t\t\t\t\t\t<div class=\"elementor-container elementor-column-gap-default\">\n\t\t\t\t\t<div class=\"elementor-column elementor-col-33 elementor-top-column elementor-element elementor-element-8ad34d9\" data-id=\"8ad34d9\" data-element_type=\"column\">\n\t\t\t<div class=\"elementor-widget-wrap elementor-element-populated\">\n\t\t\t\t\t\t<div class=\"elementor-element elementor-element-b77c2cc elementor-widget elementor-widget-text-editor\" data-id=\"b77c2cc\" data-element_type=\"widget\" data-widget_type=\"text-editor.default\">\n\t\t\t\t<div class=\"elementor-widget-container\">\n\t\t\t\t\t\t\t\t\t<audio class=\"wp-audio-shortcode\" id=\"audio-804-1\" preload=\"none\" style=\"width: 100%;\" controls=\"controls\"><source type=\"audio\/mpeg\" src=\"https:\/\/musikverein-oberlaa.com\/wp-content\/uploads\/2022\/10\/Morgenblu\u0308ten-Polka.mp3?_=1\" \/><a href=\"https:\/\/musikverein-oberlaa.com\/wp-content\/uploads\/2022\/10\/Morgenblu\u0308ten-Polka.mp3\">https:\/\/musikverein-oberlaa.com\/wp-content\/uploads\/2022\/10\/Morgenblu\u0308ten-Polka.mp3<\/a><\/audio><p>Morgenbl\u00fcten Polka<\/p>\t\t\t\t\t\t\t\t<\/div>\n\t\t\t\t<\/div>\n\t\t\t\t\t<\/div>\n\t\t<\/div>\n\t\t\t\t<div class=\"elementor-column elementor-col-33 elementor-top-column elementor-element elementor-element-34aab13\" data-id=\"34aab13\" data-element_type=\"column\">\n\t\t\t<div class=\"elementor-widget-wrap elementor-element-populated\">\n\t\t\t\t\t\t<div class=\"elementor-element elementor-element-9f5cac2 elementor-widget elementor-widget-text-editor\" data-id=\"9f5cac2\" data-element_type=\"widget\" data-widget_type=\"text-editor.default\">\n\t\t\t\t<div class=\"elementor-widget-container\">\n\t\t\t\t\t\t\t\t\t<audio class=\"wp-audio-shortcode\" id=\"audio-804-2\" preload=\"none\" style=\"width: 100%;\" controls=\"controls\"><source type=\"audio\/mpeg\" src=\"https:\/\/musikverein-oberlaa.com\/wp-content\/uploads\/2022\/10\/October.mp3?_=2\" \/><a href=\"https:\/\/musikverein-oberlaa.com\/wp-content\/uploads\/2022\/10\/October.mp3\">https:\/\/musikverein-oberlaa.com\/wp-content\/uploads\/2022\/10\/October.mp3<\/a><\/audio><p>October<\/p>\t\t\t\t\t\t\t\t<\/div>\n\t\t\t\t<\/div>\n\t\t\t\t\t<\/div>\n\t\t<\/div>\n\t\t\t\t<div class=\"elementor-column elementor-col-33 elementor-top-column elementor-element elementor-element-cf17428\" data-id=\"cf17428\" data-element_type=\"column\">\n\t\t\t<div class=\"elementor-widget-wrap elementor-element-populated\">\n\t\t\t\t\t\t<div class=\"elementor-element elementor-element-fce19c9 elementor-widget elementor-widget-text-editor\" data-id=\"fce19c9\" data-element_type=\"widget\" data-widget_type=\"text-editor.default\">\n\t\t\t\t<div class=\"elementor-widget-container\">\n\t\t\t\t\t\t\t\t\t<audio class=\"wp-audio-shortcode\" id=\"audio-804-3\" preload=\"none\" style=\"width: 100%;\" controls=\"controls\"><source type=\"audio\/mpeg\" src=\"https:\/\/musikverein-oberlaa.com\/wp-content\/uploads\/2022\/10\/Magic-Overture.mp3?_=3\" \/><a href=\"https:\/\/musikverein-oberlaa.com\/wp-content\/uploads\/2022\/10\/Magic-Overture.mp3\">https:\/\/musikverein-oberlaa.com\/wp-content\/uploads\/2022\/10\/Magic-Overture.mp3<\/a><\/audio><p>Magic Overture<\/p>\t\t\t\t\t\t\t\t<\/div>\n\t\t\t\t<\/div>\n\t\t\t\t\t<\/div>\n\t\t<\/div>\n\t\t\t\t\t<\/div>\n\t\t<\/section>\n\t\t\t\t<\/div>\n\t\t","protected":false},"excerpt":{"rendered":"<p>Am 24.10.2021 fand im Auditorium in\u00a0Grafenegg der \u00d6sterreichische Blasmusorchesterwettbewerb der Stufe C mit zehn Orchestern aus \u00d6sterreich und S\u00fcdtirol\u00a0statt. Wir durften Wien vertreten und erreichten 84,50 Punkte. Eine kleine Kostprobe der St\u00fccke. Morgenbl\u00fcten Polka October Magic Overture<\/p>\n","protected":false},"author":1,"featured_media":0,"parent":0,"menu_order":0,"comment_status":"closed","ping_status":"closed","template":"","meta":{"footnotes":""},"class_list":["post-804","page","type-page","status-publish","hentry"],"blocksy_meta":{"styles_descriptor":{"styles":{"desktop":"","tablet":"","mobile":""},"google_fonts":[],"version":5}},"yoast_head":"<!-- This site is optimized with the Yoast SEO plugin v26.4 - https:\/\/yoast.com\/wordpress\/plugins\/seo\/ -->\n<title>Bundeswettbewerb Grafenegg 2021 - Musikverein Oberlaa<\/title>\n<meta name=\"robots\" content=\"index, follow, max-snippet:-1, max-image-preview:large, max-video-preview:-1\" \/>\n<link rel=\"canonical\" href=\"https:\/\/musikverein-oberlaa.com\/index.php\/grafenegg\/\" \/>\n<meta property=\"og:locale\" content=\"de_DE\" \/>\n<meta property=\"og:type\" content=\"article\" \/>\n<meta property=\"og:title\" content=\"Bundeswettbewerb Grafenegg 2021 - Musikverein Oberlaa\" \/>\n<meta property=\"og:description\" content=\"Am 24.10.2021 fand im Auditorium in\u00a0Grafenegg der \u00d6sterreichische Blasmusorchesterwettbewerb der Stufe C mit zehn Orchestern aus \u00d6sterreich und S\u00fcdtirol\u00a0statt. Wir durften Wien vertreten und erreichten 84,50 Punkte. Eine kleine Kostprobe der St\u00fccke. Morgenbl\u00fcten Polka October Magic Overture\" \/>\n<meta property=\"og:url\" content=\"https:\/\/musikverein-oberlaa.com\/index.php\/grafenegg\/\" \/>\n<meta property=\"og:site_name\" content=\"Musikverein Oberlaa\" \/>\n<meta property=\"article:publisher\" content=\"https:\/\/www.facebook.com\/mvoberlaa\" \/>\n<meta property=\"article:modified_time\" content=\"2023-03-13T05:52:07+00:00\" \/>\n<meta property=\"og:image\" content=\"https:\/\/musikverein-oberlaa.com\/wp-content\/uploads\/2022\/10\/MVO-Graf1-1024x709.jpg\" \/>\n<meta name=\"twitter:card\" content=\"summary_large_image\" \/>\n<meta name=\"twitter:label1\" content=\"Gesch\u00e4tzte Lesezeit\" \/>\n\t<meta name=\"twitter:data1\" content=\"1\u00a0Minute\" \/>\n<script type=\"application\/ld+json\" class=\"yoast-schema-graph\">{\"@context\":\"https:\/\/schema.org\",\"@graph\":[{\"@type\":\"WebPage\",\"@id\":\"https:\/\/musikverein-oberlaa.com\/index.php\/grafenegg\/\",\"url\":\"https:\/\/musikverein-oberlaa.com\/index.php\/grafenegg\/\",\"name\":\"Bundeswettbewerb Grafenegg 2021 - Musikverein Oberlaa\",\"isPartOf\":{\"@id\":\"https:\/\/musikverein-oberlaa.com\/#website\"},\"primaryImageOfPage\":{\"@id\":\"https:\/\/musikverein-oberlaa.com\/index.php\/grafenegg\/#primaryimage\"},\"image\":{\"@id\":\"https:\/\/musikverein-oberlaa.com\/index.php\/grafenegg\/#primaryimage\"},\"thumbnailUrl\":\"https:\/\/musikverein-oberlaa.com\/wp-content\/uploads\/2022\/10\/MVO-Graf1-1024x709.jpg\",\"datePublished\":\"2022-10-24T19:47:48+00:00\",\"dateModified\":\"2023-03-13T05:52:07+00:00\",\"breadcrumb\":{\"@id\":\"https:\/\/musikverein-oberlaa.com\/index.php\/grafenegg\/#breadcrumb\"},\"inLanguage\":\"de\",\"potentialAction\":[{\"@type\":\"ReadAction\",\"target\":[\"https:\/\/musikverein-oberlaa.com\/index.php\/grafenegg\/\"]}]},{\"@type\":\"ImageObject\",\"inLanguage\":\"de\",\"@id\":\"https:\/\/musikverein-oberlaa.com\/index.php\/grafenegg\/#primaryimage\",\"url\":\"https:\/\/musikverein-oberlaa.com\/wp-content\/uploads\/2022\/10\/MVO-Graf1-1024x709.jpg\",\"contentUrl\":\"https:\/\/musikverein-oberlaa.com\/wp-content\/uploads\/2022\/10\/MVO-Graf1-1024x709.jpg\"},{\"@type\":\"BreadcrumbList\",\"@id\":\"https:\/\/musikverein-oberlaa.com\/index.php\/grafenegg\/#breadcrumb\",\"itemListElement\":[{\"@type\":\"ListItem\",\"position\":1,\"name\":\"Startseite\",\"item\":\"https:\/\/musikverein-oberlaa.com\/\"},{\"@type\":\"ListItem\",\"position\":2,\"name\":\"Bundeswettbewerb Grafenegg 2021\"}]},{\"@type\":\"WebSite\",\"@id\":\"https:\/\/musikverein-oberlaa.com\/#website\",\"url\":\"https:\/\/musikverein-oberlaa.com\/\",\"name\":\"Musikverein Oberlaa\",\"description\":\"\",\"publisher\":{\"@id\":\"https:\/\/musikverein-oberlaa.com\/#organization\"},\"alternateName\":\"MVO\",\"potentialAction\":[{\"@type\":\"SearchAction\",\"target\":{\"@type\":\"EntryPoint\",\"urlTemplate\":\"https:\/\/musikverein-oberlaa.com\/?s={search_term_string}\"},\"query-input\":{\"@type\":\"PropertyValueSpecification\",\"valueRequired\":true,\"valueName\":\"search_term_string\"}}],\"inLanguage\":\"de\"},{\"@type\":\"Organization\",\"@id\":\"https:\/\/musikverein-oberlaa.com\/#organization\",\"name\":\"Musikverein Oberlaa\",\"alternateName\":\"MVO\",\"url\":\"https:\/\/musikverein-oberlaa.com\/\",\"logo\":{\"@type\":\"ImageObject\",\"inLanguage\":\"de\",\"@id\":\"https:\/\/musikverein-oberlaa.com\/#\/schema\/logo\/image\/\",\"url\":\"https:\/\/musikverein-oberlaa.com\/wp-content\/uploads\/2022\/10\/logo.png\",\"contentUrl\":\"https:\/\/musikverein-oberlaa.com\/wp-content\/uploads\/2022\/10\/logo.png\",\"width\":150,\"height\":164,\"caption\":\"Musikverein Oberlaa\"},\"image\":{\"@id\":\"https:\/\/musikverein-oberlaa.com\/#\/schema\/logo\/image\/\"},\"sameAs\":[\"https:\/\/www.facebook.com\/mvoberlaa\",\"https:\/\/www.instagram.com\/mvoberlaa\/\"]}]}<\/script>\n<!-- \/ Yoast SEO plugin. -->","yoast_head_json":{"title":"Bundeswettbewerb Grafenegg 2021 - Musikverein Oberlaa","robots":{"index":"index","follow":"follow","max-snippet":"max-snippet:-1","max-image-preview":"max-image-preview:large","max-video-preview":"max-video-preview:-1"},"canonical":"https:\/\/musikverein-oberlaa.com\/index.php\/grafenegg\/","og_locale":"de_DE","og_type":"article","og_title":"Bundeswettbewerb Grafenegg 2021 - Musikverein Oberlaa","og_description":"Am 24.10.2021 fand im Auditorium in\u00a0Grafenegg der \u00d6sterreichische Blasmusorchesterwettbewerb der Stufe C mit zehn Orchestern aus \u00d6sterreich und S\u00fcdtirol\u00a0statt. Wir durften Wien vertreten und erreichten 84,50 Punkte. Eine kleine Kostprobe der St\u00fccke. Morgenbl\u00fcten Polka October Magic Overture","og_url":"https:\/\/musikverein-oberlaa.com\/index.php\/grafenegg\/","og_site_name":"Musikverein Oberlaa","article_publisher":"https:\/\/www.facebook.com\/mvoberlaa","article_modified_time":"2023-03-13T05:52:07+00:00","og_image":[{"url":"https:\/\/musikverein-oberlaa.com\/wp-content\/uploads\/2022\/10\/MVO-Graf1-1024x709.jpg","type":"","width":"","height":""}],"twitter_card":"summary_large_image","twitter_misc":{"Gesch\u00e4tzte Lesezeit":"1\u00a0Minute"},"schema":{"@context":"https:\/\/schema.org","@graph":[{"@type":"WebPage","@id":"https:\/\/musikverein-oberlaa.com\/index.php\/grafenegg\/","url":"https:\/\/musikverein-oberlaa.com\/index.php\/grafenegg\/","name":"Bundeswettbewerb Grafenegg 2021 - Musikverein Oberlaa","isPartOf":{"@id":"https:\/\/musikverein-oberlaa.com\/#website"},"primaryImageOfPage":{"@id":"https:\/\/musikverein-oberlaa.com\/index.php\/grafenegg\/#primaryimage"},"image":{"@id":"https:\/\/musikverein-oberlaa.com\/index.php\/grafenegg\/#primaryimage"},"thumbnailUrl":"https:\/\/musikverein-oberlaa.com\/wp-content\/uploads\/2022\/10\/MVO-Graf1-1024x709.jpg","datePublished":"2022-10-24T19:47:48+00:00","dateModified":"2023-03-13T05:52:07+00:00","breadcrumb":{"@id":"https:\/\/musikverein-oberlaa.com\/index.php\/grafenegg\/#breadcrumb"},"inLanguage":"de","potentialAction":[{"@type":"ReadAction","target":["https:\/\/musikverein-oberlaa.com\/index.php\/grafenegg\/"]}]},{"@type":"ImageObject","inLanguage":"de","@id":"https:\/\/musikverein-oberlaa.com\/index.php\/grafenegg\/#primaryimage","url":"https:\/\/musikverein-oberlaa.com\/wp-content\/uploads\/2022\/10\/MVO-Graf1-1024x709.jpg","contentUrl":"https:\/\/musikverein-oberlaa.com\/wp-content\/uploads\/2022\/10\/MVO-Graf1-1024x709.jpg"},{"@type":"BreadcrumbList","@id":"https:\/\/musikverein-oberlaa.com\/index.php\/grafenegg\/#breadcrumb","itemListElement":[{"@type":"ListItem","position":1,"name":"Startseite","item":"https:\/\/musikverein-oberlaa.com\/"},{"@type":"ListItem","position":2,"name":"Bundeswettbewerb Grafenegg 2021"}]},{"@type":"WebSite","@id":"https:\/\/musikverein-oberlaa.com\/#website","url":"https:\/\/musikverein-oberlaa.com\/","name":"Musikverein Oberlaa","description":"","publisher":{"@id":"https:\/\/musikverein-oberlaa.com\/#organization"},"alternateName":"MVO","potentialAction":[{"@type":"SearchAction","target":{"@type":"EntryPoint","urlTemplate":"https:\/\/musikverein-oberlaa.com\/?s={search_term_string}"},"query-input":{"@type":"PropertyValueSpecification","valueRequired":true,"valueName":"search_term_string"}}],"inLanguage":"de"},{"@type":"Organization","@id":"https:\/\/musikverein-oberlaa.com\/#organization","name":"Musikverein Oberlaa","alternateName":"MVO","url":"https:\/\/musikverein-oberlaa.com\/","logo":{"@type":"ImageObject","inLanguage":"de","@id":"https:\/\/musikverein-oberlaa.com\/#\/schema\/logo\/image\/","url":"https:\/\/musikverein-oberlaa.com\/wp-content\/uploads\/2022\/10\/logo.png","contentUrl":"https:\/\/musikverein-oberlaa.com\/wp-content\/uploads\/2022\/10\/logo.png","width":150,"height":164,"caption":"Musikverein Oberlaa"},"image":{"@id":"https:\/\/musikverein-oberlaa.com\/#\/schema\/logo\/image\/"},"sameAs":["https:\/\/www.facebook.com\/mvoberlaa","https:\/\/www.instagram.com\/mvoberlaa\/"]}]}},"_links":{"self":[{"href":"https:\/\/musikverein-oberlaa.com\/index.php\/wp-json\/wp\/v2\/pages\/804","targetHints":{"allow":["GET"]}}],"collection":[{"href":"https:\/\/musikverein-oberlaa.com\/index.php\/wp-json\/wp\/v2\/pages"}],"about":[{"href":"https:\/\/musikverein-oberlaa.com\/index.php\/wp-json\/wp\/v2\/types\/page"}],"author":[{"embeddable":true,"href":"https:\/\/musikverein-oberlaa.com\/index.php\/wp-json\/wp\/v2\/users\/1"}],"replies":[{"embeddable":true,"href":"https:\/\/musikverein-oberlaa.com\/index.php\/wp-json\/wp\/v2\/comments?post=804"}],"version-history":[{"count":37,"href":"https:\/\/musikverein-oberlaa.com\/index.php\/wp-json\/wp\/v2\/pages\/804\/revisions"}],"predecessor-version":[{"id":2272,"href":"https:\/\/musikverein-oberlaa.com\/index.php\/wp-json\/wp\/v2\/pages\/804\/revisions\/2272"}],"wp:attachment":[{"href":"https:\/\/musikverein-oberlaa.com\/index.php\/wp-json\/wp\/v2\/media?parent=804"}],"curies":[{"name":"wp","href":"https:\/\/api.w.org\/{rel}","templated":true}]}}