{"id":785,"date":"2022-10-24T19:40:12","date_gmt":"2022-10-24T19:40:12","guid":{"rendered":"https:\/\/wp.musikverein-oberlaa.com\/?page_id=785"},"modified":"2022-10-25T09:13:45","modified_gmt":"2022-10-25T09:13:45","slug":"allgemeines","status":"publish","type":"page","link":"https:\/\/musikverein-oberlaa.com\/index.php\/allgemeines\/","title":{"rendered":"Allgemeines"},"content":{"rendered":"\t\t<div data-elementor-type=\"wp-page\" data-elementor-id=\"785\" class=\"elementor elementor-785\">\n\t\t\t\t\t\t<section class=\"elementor-section elementor-top-section elementor-element elementor-element-e08339f elementor-section-boxed elementor-section-height-default elementor-section-height-default\" data-id=\"e08339f\" data-element_type=\"section\">\n\t\t\t\t\t\t<div class=\"elementor-container elementor-column-gap-default\">\n\t\t\t\t\t<div class=\"elementor-column elementor-col-100 elementor-top-column elementor-element elementor-element-0de2ab1\" data-id=\"0de2ab1\" data-element_type=\"column\">\n\t\t\t<div class=\"elementor-widget-wrap elementor-element-populated\">\n\t\t\t\t\t\t<div class=\"elementor-element elementor-element-991019d elementor-widget elementor-widget-text-editor\" data-id=\"991019d\" data-element_type=\"widget\" data-widget_type=\"text-editor.default\">\n\t\t\t\t<div class=\"elementor-widget-container\">\n\t\t\t\t\t\t\t\t\t<div class=\"zpColumnItem\"><div id=\"a1950\" class=\"articlearea zpwText\" data-articleid=\"1950\"><p><span style=\"font-size: 16px;\">Im M\u00e4rz 1976 wurde auf \u00a0Initiative von Willi Berger das &#8222;JBO Jugendblasorchester Oberlaa&#8220; gegr\u00fcndet.<\/span><\/p><\/div><\/div><div class=\"zpColumnItem\"><div id=\"a1949\" class=\"articlearea zpwText\" data-articleid=\"1949\"><p>In weiterer folge wurde das &#8222;JBO&#8220; auf &#8222;Musikverein Kurorchester Oberlaa&#8220; umbenannt da in einem Jugendblasorchester nur Jugendliche bis zu einem bestimmten alter spielen d\u00fcrfen.<\/p><p>Aus dieser Gr\u00fcnderzeit spielen noch\u00a07 Musiker aktiv beim Musikverein Oberlaa!<\/p><\/div><\/div>\t\t\t\t\t\t\t\t<\/div>\n\t\t\t\t<\/div>\n\t\t\t\t\t<\/div>\n\t\t<\/div>\n\t\t\t\t\t<\/div>\n\t\t<\/section>\n\t\t\t\t<section class=\"elementor-section elementor-top-section elementor-element elementor-element-6dc20ae elementor-section-boxed elementor-section-height-default elementor-section-height-default\" data-id=\"6dc20ae\" data-element_type=\"section\">\n\t\t\t\t\t\t<div class=\"elementor-container elementor-column-gap-default\">\n\t\t\t\t\t<div class=\"elementor-column elementor-col-33 elementor-top-column elementor-element elementor-element-b0b8be5\" data-id=\"b0b8be5\" data-element_type=\"column\">\n\t\t\t<div class=\"elementor-widget-wrap elementor-element-populated\">\n\t\t\t\t\t\t<div class=\"elementor-element elementor-element-3e29a51 elementor-widget elementor-widget-text-editor\" data-id=\"3e29a51\" data-element_type=\"widget\" data-widget_type=\"text-editor.default\">\n\t\t\t\t<div class=\"elementor-widget-container\">\n\t\t\t\t\t\t\t\t\t<style>\ntable{\nwidth: 500px;\nheight: 50px;\n}\n<\/style>\n<table>\n<tbody>\n<tr>\n<td width=\"226\"><strong>Gerwisch Johanna<\/strong><\/td>\n<td width=\"175\">Querfl\u00f6te<\/td>\n<\/tr>\n<tr>\n<td width=\"226\"><strong>Hausenberger Johannes<\/strong><\/td>\n<td width=\"175\">Bariton<\/td>\n<\/tr>\n<tr>\n<td width=\"226\"><strong>M\u00f6tzl Herbert<\/strong><\/td>\n<td width=\"175\">Tenor<\/td>\n<\/tr>\n<tr>\n<td width=\"226\"><strong>M\u00f6tzl Michael<\/strong><\/td>\n<td width=\"175\">Klarinette<\/td>\n<\/tr>\n<tr>\n<td width=\"226\"><strong>Pla\u00df Ernst<\/strong><\/td>\n<td width=\"175\">Klarinette<\/td>\n<\/tr>\n<tr>\n<td width=\"226\"><strong>Stadlmann Thomas<\/strong><\/td>\n<td width=\"175\">Klarinette<\/td>\n<\/tr>\n<tr>\n<td width=\"226\"><strong>Stadlmann Christian<\/strong><\/td>\n<td width=\"175\">Fl\u00fcgelhorn<\/td>\n<\/tr>\n<\/tbody>\n<\/table>\n&nbsp;\t\t\t\t\t\t\t\t<\/div>\n\t\t\t\t<\/div>\n\t\t\t\t\t<\/div>\n\t\t<\/div>\n\t\t\t\t<div class=\"elementor-column elementor-col-66 elementor-top-column elementor-element elementor-element-f9ef25b\" data-id=\"f9ef25b\" data-element_type=\"column\">\n\t\t\t<div class=\"elementor-widget-wrap elementor-element-populated\">\n\t\t\t\t\t\t<div class=\"elementor-element elementor-element-81aabcf elementor-widget elementor-widget-image\" data-id=\"81aabcf\" data-element_type=\"widget\" data-widget_type=\"image.default\">\n\t\t\t\t<div class=\"elementor-widget-container\">\n\t\t\t\t\t\t\t\t\t\t\t\t\t\t\t<img fetchpriority=\"high\" decoding=\"async\" width=\"1600\" height=\"1200\" src=\"https:\/\/musikverein-oberlaa.com\/wp-content\/uploads\/2022\/10\/298.jpg\" class=\"attachment-full size-full wp-image-8\" alt=\"\" srcset=\"https:\/\/musikverein-oberlaa.com\/wp-content\/uploads\/2022\/10\/298.jpg 1600w, https:\/\/musikverein-oberlaa.com\/wp-content\/uploads\/2022\/10\/298-300x225.jpg 300w, https:\/\/musikverein-oberlaa.com\/wp-content\/uploads\/2022\/10\/298-1024x768.jpg 1024w, https:\/\/musikverein-oberlaa.com\/wp-content\/uploads\/2022\/10\/298-768x576.jpg 768w, https:\/\/musikverein-oberlaa.com\/wp-content\/uploads\/2022\/10\/298-1536x1152.jpg 1536w, https:\/\/musikverein-oberlaa.com\/wp-content\/uploads\/2022\/10\/298-360x270.jpg 360w\" sizes=\"(max-width: 1600px) 100vw, 1600px\" \/>\t\t\t\t\t\t\t\t\t\t\t\t\t\t\t<\/div>\n\t\t\t\t<\/div>\n\t\t\t\t\t<\/div>\n\t\t<\/div>\n\t\t\t\t\t<\/div>\n\t\t<\/section>\n\t\t\t\t<\/div>\n\t\t","protected":false},"excerpt":{"rendered":"<p>Im M\u00e4rz 1976 wurde auf \u00a0Initiative von Willi Berger das &#8222;JBO Jugendblasorchester Oberlaa&#8220; gegr\u00fcndet. In weiterer folge wurde das &#8222;JBO&#8220; auf &#8222;Musikverein Kurorchester Oberlaa&#8220; umbenannt da in einem Jugendblasorchester nur Jugendliche bis zu einem bestimmten alter spielen d\u00fcrfen. Aus dieser Gr\u00fcnderzeit spielen noch\u00a07 Musiker aktiv beim Musikverein Oberlaa! Gerwisch Johanna Querfl\u00f6te Hausenberger Johannes Bariton M\u00f6tzl Herbert Tenor M\u00f6tzl Michael Klarinette Pla\u00df Ernst Klarinette Stadlmann Thomas Klarinette Stadlmann Christian Fl\u00fcgelhorn &nbsp;<\/p>\n","protected":false},"author":1,"featured_media":0,"parent":0,"menu_order":0,"comment_status":"closed","ping_status":"closed","template":"","meta":{"footnotes":""},"class_list":["post-785","page","type-page","status-publish","hentry"],"blocksy_meta":{"styles_descriptor":{"styles":{"desktop":"","tablet":"","mobile":""},"google_fonts":[],"version":5}},"yoast_head":"<!-- This site is optimized with the Yoast SEO plugin v26.4 - https:\/\/yoast.com\/wordpress\/plugins\/seo\/ -->\n<title>Allgemeines - Musikverein Oberlaa<\/title>\n<meta name=\"robots\" content=\"index, follow, max-snippet:-1, max-image-preview:large, max-video-preview:-1\" \/>\n<link rel=\"canonical\" href=\"https:\/\/musikverein-oberlaa.com\/index.php\/allgemeines\/\" \/>\n<meta property=\"og:locale\" content=\"de_DE\" \/>\n<meta property=\"og:type\" content=\"article\" \/>\n<meta property=\"og:title\" content=\"Allgemeines - Musikverein Oberlaa\" \/>\n<meta property=\"og:description\" content=\"Im M\u00e4rz 1976 wurde auf \u00a0Initiative von Willi Berger das &#8222;JBO Jugendblasorchester Oberlaa&#8220; gegr\u00fcndet. In weiterer folge wurde das &#8222;JBO&#8220; auf &#8222;Musikverein Kurorchester Oberlaa&#8220; umbenannt da in einem Jugendblasorchester nur Jugendliche bis zu einem bestimmten alter spielen d\u00fcrfen. Aus dieser Gr\u00fcnderzeit spielen noch\u00a07 Musiker aktiv beim Musikverein Oberlaa! Gerwisch Johanna Querfl\u00f6te Hausenberger Johannes Bariton M\u00f6tzl Herbert Tenor M\u00f6tzl Michael Klarinette Pla\u00df Ernst Klarinette Stadlmann Thomas Klarinette Stadlmann Christian Fl\u00fcgelhorn &nbsp;\" \/>\n<meta property=\"og:url\" content=\"https:\/\/musikverein-oberlaa.com\/index.php\/allgemeines\/\" \/>\n<meta property=\"og:site_name\" content=\"Musikverein Oberlaa\" \/>\n<meta property=\"article:publisher\" content=\"https:\/\/www.facebook.com\/mvoberlaa\" \/>\n<meta property=\"article:modified_time\" content=\"2022-10-25T09:13:45+00:00\" \/>\n<meta property=\"og:image\" content=\"https:\/\/musikverein-oberlaa.com\/wp-content\/uploads\/2022\/10\/298.jpg\" \/>\n<meta name=\"twitter:card\" content=\"summary_large_image\" \/>\n<script type=\"application\/ld+json\" class=\"yoast-schema-graph\">{\"@context\":\"https:\/\/schema.org\",\"@graph\":[{\"@type\":\"WebPage\",\"@id\":\"https:\/\/musikverein-oberlaa.com\/index.php\/allgemeines\/\",\"url\":\"https:\/\/musikverein-oberlaa.com\/index.php\/allgemeines\/\",\"name\":\"Allgemeines - Musikverein Oberlaa\",\"isPartOf\":{\"@id\":\"https:\/\/musikverein-oberlaa.com\/#website\"},\"primaryImageOfPage\":{\"@id\":\"https:\/\/musikverein-oberlaa.com\/index.php\/allgemeines\/#primaryimage\"},\"image\":{\"@id\":\"https:\/\/musikverein-oberlaa.com\/index.php\/allgemeines\/#primaryimage\"},\"thumbnailUrl\":\"https:\/\/musikverein-oberlaa.com\/wp-content\/uploads\/2022\/10\/298.jpg\",\"datePublished\":\"2022-10-24T19:40:12+00:00\",\"dateModified\":\"2022-10-25T09:13:45+00:00\",\"breadcrumb\":{\"@id\":\"https:\/\/musikverein-oberlaa.com\/index.php\/allgemeines\/#breadcrumb\"},\"inLanguage\":\"de\",\"potentialAction\":[{\"@type\":\"ReadAction\",\"target\":[\"https:\/\/musikverein-oberlaa.com\/index.php\/allgemeines\/\"]}]},{\"@type\":\"ImageObject\",\"inLanguage\":\"de\",\"@id\":\"https:\/\/musikverein-oberlaa.com\/index.php\/allgemeines\/#primaryimage\",\"url\":\"https:\/\/musikverein-oberlaa.com\/wp-content\/uploads\/2022\/10\/298.jpg\",\"contentUrl\":\"https:\/\/musikverein-oberlaa.com\/wp-content\/uploads\/2022\/10\/298.jpg\",\"width\":1600,\"height\":1200},{\"@type\":\"BreadcrumbList\",\"@id\":\"https:\/\/musikverein-oberlaa.com\/index.php\/allgemeines\/#breadcrumb\",\"itemListElement\":[{\"@type\":\"ListItem\",\"position\":1,\"name\":\"Startseite\",\"item\":\"https:\/\/musikverein-oberlaa.com\/\"},{\"@type\":\"ListItem\",\"position\":2,\"name\":\"Allgemeines\"}]},{\"@type\":\"WebSite\",\"@id\":\"https:\/\/musikverein-oberlaa.com\/#website\",\"url\":\"https:\/\/musikverein-oberlaa.com\/\",\"name\":\"Musikverein Oberlaa\",\"description\":\"\",\"publisher\":{\"@id\":\"https:\/\/musikverein-oberlaa.com\/#organization\"},\"alternateName\":\"MVO\",\"potentialAction\":[{\"@type\":\"SearchAction\",\"target\":{\"@type\":\"EntryPoint\",\"urlTemplate\":\"https:\/\/musikverein-oberlaa.com\/?s={search_term_string}\"},\"query-input\":{\"@type\":\"PropertyValueSpecification\",\"valueRequired\":true,\"valueName\":\"search_term_string\"}}],\"inLanguage\":\"de\"},{\"@type\":\"Organization\",\"@id\":\"https:\/\/musikverein-oberlaa.com\/#organization\",\"name\":\"Musikverein Oberlaa\",\"alternateName\":\"MVO\",\"url\":\"https:\/\/musikverein-oberlaa.com\/\",\"logo\":{\"@type\":\"ImageObject\",\"inLanguage\":\"de\",\"@id\":\"https:\/\/musikverein-oberlaa.com\/#\/schema\/logo\/image\/\",\"url\":\"https:\/\/musikverein-oberlaa.com\/wp-content\/uploads\/2022\/10\/logo.png\",\"contentUrl\":\"https:\/\/musikverein-oberlaa.com\/wp-content\/uploads\/2022\/10\/logo.png\",\"width\":150,\"height\":164,\"caption\":\"Musikverein Oberlaa\"},\"image\":{\"@id\":\"https:\/\/musikverein-oberlaa.com\/#\/schema\/logo\/image\/\"},\"sameAs\":[\"https:\/\/www.facebook.com\/mvoberlaa\",\"https:\/\/www.instagram.com\/mvoberlaa\/\"]}]}<\/script>\n<!-- \/ Yoast SEO plugin. -->","yoast_head_json":{"title":"Allgemeines - Musikverein Oberlaa","robots":{"index":"index","follow":"follow","max-snippet":"max-snippet:-1","max-image-preview":"max-image-preview:large","max-video-preview":"max-video-preview:-1"},"canonical":"https:\/\/musikverein-oberlaa.com\/index.php\/allgemeines\/","og_locale":"de_DE","og_type":"article","og_title":"Allgemeines - Musikverein Oberlaa","og_description":"Im M\u00e4rz 1976 wurde auf \u00a0Initiative von Willi Berger das &#8222;JBO Jugendblasorchester Oberlaa&#8220; gegr\u00fcndet. In weiterer folge wurde das &#8222;JBO&#8220; auf &#8222;Musikverein Kurorchester Oberlaa&#8220; umbenannt da in einem Jugendblasorchester nur Jugendliche bis zu einem bestimmten alter spielen d\u00fcrfen. Aus dieser Gr\u00fcnderzeit spielen noch\u00a07 Musiker aktiv beim Musikverein Oberlaa! Gerwisch Johanna Querfl\u00f6te Hausenberger Johannes Bariton M\u00f6tzl Herbert Tenor M\u00f6tzl Michael Klarinette Pla\u00df Ernst Klarinette Stadlmann Thomas Klarinette Stadlmann Christian Fl\u00fcgelhorn &nbsp;","og_url":"https:\/\/musikverein-oberlaa.com\/index.php\/allgemeines\/","og_site_name":"Musikverein Oberlaa","article_publisher":"https:\/\/www.facebook.com\/mvoberlaa","article_modified_time":"2022-10-25T09:13:45+00:00","og_image":[{"url":"https:\/\/musikverein-oberlaa.com\/wp-content\/uploads\/2022\/10\/298.jpg","type":"","width":"","height":""}],"twitter_card":"summary_large_image","schema":{"@context":"https:\/\/schema.org","@graph":[{"@type":"WebPage","@id":"https:\/\/musikverein-oberlaa.com\/index.php\/allgemeines\/","url":"https:\/\/musikverein-oberlaa.com\/index.php\/allgemeines\/","name":"Allgemeines - Musikverein Oberlaa","isPartOf":{"@id":"https:\/\/musikverein-oberlaa.com\/#website"},"primaryImageOfPage":{"@id":"https:\/\/musikverein-oberlaa.com\/index.php\/allgemeines\/#primaryimage"},"image":{"@id":"https:\/\/musikverein-oberlaa.com\/index.php\/allgemeines\/#primaryimage"},"thumbnailUrl":"https:\/\/musikverein-oberlaa.com\/wp-content\/uploads\/2022\/10\/298.jpg","datePublished":"2022-10-24T19:40:12+00:00","dateModified":"2022-10-25T09:13:45+00:00","breadcrumb":{"@id":"https:\/\/musikverein-oberlaa.com\/index.php\/allgemeines\/#breadcrumb"},"inLanguage":"de","potentialAction":[{"@type":"ReadAction","target":["https:\/\/musikverein-oberlaa.com\/index.php\/allgemeines\/"]}]},{"@type":"ImageObject","inLanguage":"de","@id":"https:\/\/musikverein-oberlaa.com\/index.php\/allgemeines\/#primaryimage","url":"https:\/\/musikverein-oberlaa.com\/wp-content\/uploads\/2022\/10\/298.jpg","contentUrl":"https:\/\/musikverein-oberlaa.com\/wp-content\/uploads\/2022\/10\/298.jpg","width":1600,"height":1200},{"@type":"BreadcrumbList","@id":"https:\/\/musikverein-oberlaa.com\/index.php\/allgemeines\/#breadcrumb","itemListElement":[{"@type":"ListItem","position":1,"name":"Startseite","item":"https:\/\/musikverein-oberlaa.com\/"},{"@type":"ListItem","position":2,"name":"Allgemeines"}]},{"@type":"WebSite","@id":"https:\/\/musikverein-oberlaa.com\/#website","url":"https:\/\/musikverein-oberlaa.com\/","name":"Musikverein Oberlaa","description":"","publisher":{"@id":"https:\/\/musikverein-oberlaa.com\/#organization"},"alternateName":"MVO","potentialAction":[{"@type":"SearchAction","target":{"@type":"EntryPoint","urlTemplate":"https:\/\/musikverein-oberlaa.com\/?s={search_term_string}"},"query-input":{"@type":"PropertyValueSpecification","valueRequired":true,"valueName":"search_term_string"}}],"inLanguage":"de"},{"@type":"Organization","@id":"https:\/\/musikverein-oberlaa.com\/#organization","name":"Musikverein Oberlaa","alternateName":"MVO","url":"https:\/\/musikverein-oberlaa.com\/","logo":{"@type":"ImageObject","inLanguage":"de","@id":"https:\/\/musikverein-oberlaa.com\/#\/schema\/logo\/image\/","url":"https:\/\/musikverein-oberlaa.com\/wp-content\/uploads\/2022\/10\/logo.png","contentUrl":"https:\/\/musikverein-oberlaa.com\/wp-content\/uploads\/2022\/10\/logo.png","width":150,"height":164,"caption":"Musikverein Oberlaa"},"image":{"@id":"https:\/\/musikverein-oberlaa.com\/#\/schema\/logo\/image\/"},"sameAs":["https:\/\/www.facebook.com\/mvoberlaa","https:\/\/www.instagram.com\/mvoberlaa\/"]}]}},"_links":{"self":[{"href":"https:\/\/musikverein-oberlaa.com\/index.php\/wp-json\/wp\/v2\/pages\/785","targetHints":{"allow":["GET"]}}],"collection":[{"href":"https:\/\/musikverein-oberlaa.com\/index.php\/wp-json\/wp\/v2\/pages"}],"about":[{"href":"https:\/\/musikverein-oberlaa.com\/index.php\/wp-json\/wp\/v2\/types\/page"}],"author":[{"embeddable":true,"href":"https:\/\/musikverein-oberlaa.com\/index.php\/wp-json\/wp\/v2\/users\/1"}],"replies":[{"embeddable":true,"href":"https:\/\/musikverein-oberlaa.com\/index.php\/wp-json\/wp\/v2\/comments?post=785"}],"version-history":[{"count":20,"href":"https:\/\/musikverein-oberlaa.com\/index.php\/wp-json\/wp\/v2\/pages\/785\/revisions"}],"predecessor-version":[{"id":1656,"href":"https:\/\/musikverein-oberlaa.com\/index.php\/wp-json\/wp\/v2\/pages\/785\/revisions\/1656"}],"wp:attachment":[{"href":"https:\/\/musikverein-oberlaa.com\/index.php\/wp-json\/wp\/v2\/media?parent=785"}],"curies":[{"name":"wp","href":"https:\/\/api.w.org\/{rel}","templated":true}]}}